-20*g. Give z(b).
-57
Let x(j) = -4 - j + 4 - 27 - 11. Calculate x(-15).
-23
Suppose -t = o - 2, -2*t + o + 5 = 1. Let w(l) be the first derivative of -1/2*l**t - l**3 + 2*l - 6. Calculate w(-2).
-8
Let n(k) = 41*k - 8*k - 3*k**3 + 2*k**3 - 14*k - 13*k - 5 + 5*k**2. Determine n(7).
-61
Suppose -27 = 3*y - 3*z, 33*y + z - 17 = 35*y. Let c(r) be the third derivative of r**6/120 + 7*r**5/60 - 7*r**4/24 - 5*r**3/3 + 8*r**2. What is c(y)?
-18
Let y(t) = 2*t - 2. Let k = -40 - -61. Suppose 0 = -4*p - 3*c - k, 8 = -3*p - 4*c - 13. Give y(p).
-8
Suppose -q = -5*u + q + 18, 4*q = -3*u + 16. Let x(v) = 5 + 7 + 4*v - u. Let n(y) = y**2 - 7*y - 6. Let d be n(7). Give x(d).
-16
Let o(u) be the first derivative of 3*u**2/2 + u - 102. Give o(8).
25
Let p(d) = d**2 + d - 1. Let c(a) = -3*a**2 - 12*a - 1. Let m(q) = c(q) + 2*p(q). Calculate m(-8).
13
Let p(s) = -3*s - 32. Let c(a) = 3*a**2 - 20*a. Let t be c(6). Give p(t).
4
Let s = 15 - 10. Let w(g) = g. Let d(r) = 2*r + 1. Let k(j) = -d(j) + w(j). Calculate k(s).
-6
Let s(f) = f**2 - 6*f + 3. Let g(n) = 3*n**2 + 24*n - 22. Let b be g(-9). Determine s(b).
-2
Let i(r) = r**3 + 4*r**2 - 5*r - 4. Suppose 3*c - t = -5 + 31, 3*c + 4*t = 46. Suppose 4*j + c = -10. Determine i(j).
-4
Let s(r) = 28*r**2 - 9*r - 6. Let f(t) = -5*t**2 + 2*t + 1. Let g(u) = 6*f(u) + s(u). Determine g(2).
-2
Suppose 48*r - 3*c = 50*r + 48, 4*r + c = -76. Let x(h) = -h**3 - 19*h**2 - 18*h + 8. What is x(r)?
8
Let k(l) be the third derivative of -l**4/24 - 3*l**3/2 + 16*l**2 - 4. Determine k(-10).
1
Let r(v) = -v**3 + 10*v**2 - 3*v + 23. Let d be (-31)/((-775)/10) - (-48)/5. What is r(d)?
-7
Let w(n) = n**2 - 8*n + 6. Suppose 6*d + 12 = 2*d. Let i = -3 + d. Let f(q) = q**2 + 4*q - 6. Let j be f(i). What is w(j)?
-6
Suppose -22 = 3*t + 5*x, -t = 4*t + 3*x + 26. Let d(v) = v**3 + 5*v**2 + v - 8. Calculate d(t).
4
Let q(r) = 0 - 1 - 3*r + 24*r**2 - 44*r**2 - 1 + 24*r**2. Give q(3).
25
Suppose -3*w = 6 - 15. Let z(c) = c**3 + 1. Let k(h) = -12*h**3 + h**2 + h + 2. Let v(d) = w*z(d) - k(d). What is v(1)?
14
Let y(l) = l**2 - 5*l + 2. Let q be 2*((-14)/(-8) - (-9)/36). What is y(q)?
-2
Let h(b) be the third derivative of -b**5/60 + 7*b**4/24 - b**3 - 1423*b**2. Let x(w) = -2*w - 1. Let a be x(-4). What is h(a)?
-6
Let w(m) = -5*m**2 + m - 2. Let r(y) = -14*y**2 + y - 6. Let b(t) = 3*r(t) - 8*w(t). Calculate b(-4).
-14
Let f(w) = w**2 + 6*w - 3. Suppose -7*m - 3*m = 40. Determine f(m).
-11
Let o = -1653 - -1647. Let x(c) be the first derivative of c**2/2 + 2*c - 1. Give x(o).
-4
Let r(c) = 2*c**3 + 3*c**2 + 3*c + 3. Let l = -52 + 49. Let f be (-13)/7 - l/(-21). Calculate r(f).
-7
Let g(v) = 2 + 11*v + 0 - 5*v - 7*v**2 + v**3. Suppose 27*n + 80 = 31*n. Suppose 9*f + 66 = n*f. What is g(f)?
2
Let q(v) = -7*v**2 + v + 1. Let j(u) = 15*u**2 - 2*u - 1. Let r(o) = 6*j(o) + 13*q(o). Calculate r(4).
-5
Let m(f) = f**3 - 10*f**2 + 9*f + 12. Let q(z) = 2*z**2 - 2*z + 9. Let s be q(0). What is m(s)?
12
Let n(v) = 1126*v**2 + 3 - 1125*v**2 - v + v + 9*v. What is n(-9)?
3
Let b = 149 + -144. Let d(q) = q**3 - 4*q**2 - 3*q - 5. Give d(b).
5
Let j = -99 - -102. Let t(y) be the first derivative of 1/2*y**2 - 2*y + 8 + 1/3*y**j. What is t(-2)?
0
Let m(b) = 18*b. Let c(x) = -x. Let r(o) = -48*c(o) - 3*m(o). Let d(a) = -4*a**3 + 7 - 4*a**2 + a**3 + 13*a + 2*a**3. Let g be d(-6). Determine r(g).
-6
Let s be 0 + 4/10*5. Let h(t) = 4*t**2 - 2*t - 1. Determine h(s).
11
Let s(l) = -l**3 - 9*l**2 + 8. Let m(n) = n**2 + 6*n - 1. Let i be m(-6). Let f be i*(-1 + 3) + (-14)/2. Calculate s(f).
8
Let k(p) = 884 - p**2 - 1754 + 885 - 5*p. Determine k(-6).
9
Let h(y) = -y**2 + 15*y - 26. Let c be h(11). Suppose 0 = -3*p + 9*p + c. Let w(t) = -t**2 - 3*t + 3. Calculate w(p).
3
Let p(n) = -n**3 + n**2 - 4 + 4*n**2 - 88*n + 85*n. Give p(4).
0
Suppose -4*p - 10 = -w, 2*w - 8 = 8*p - 12*p. Let o(r) = -r - 11. Calculate o(w).
-17
Suppose 0 = 3*h - 2 - 16. Let m(c) = -c**3 - 2*c**2 - 7*c + 0 + h - 5*c**2. Determine m(-6).
12
Let i(b) = b. Let z(j) be the second derivative of -2*j**3/3 + 4*j**2 + 14*j. Let x be z(4). What is i(x)?
-8
Let i(w) be the third derivative of -w**4/24 + 4*w**3/3 - 2*w**2. Let m be i(4). Let a(q) = 2*q + m*q**2 - 2 - 5*q**2 + 2*q**2 - 2. What is a(-3)?
-1
Let v(u) = -u**2 + 4*u + 3. Let a(z) = -z**2 + 10*z - 12. Let x be a(6). Suppose m = x*m - 44. Determine v(m).
3
Let i(s) = -6*s + 11. Let m(f) = 12*f - 24. Let y(k) = 5*i(k) + 3*m(k). What is y(3)?
1
Let y(d) be the third derivative of d**6/120 - 7*d**5/60 - d**4/24 + 4*d**3/3 + 5*d**2 - 6. Give y(7).
1
Let j(v) be the first derivative of v**3/3 - v**2 - v + 133. Determine j(2).
-1
Suppose 4*a = -0*a + 16. Let w(o) = -2 - o**2 + 3 - o**3 - o**3 + 3*o**3. Let f(g) = g**3 + g**2 + 4*g - 2. Let x(u) = f(u) - 2*w(u). Determine x(a).
-4
Let d(c) = -c**2 - c + 2. Let b = 7 - 5. Suppose -b*n + 2*z = -4, 5*n = 3*n - z + 19. Suppose 15 = n*x - 2*x. What is d(x)?
-10
Let o(g) = 1896*g**2 - 5*g + 7 - 953*g**2 + g**3 - 938*g**2. Let p = -7 + 1. Calculate o(p).
1
Let g(t) be the third derivative of -9*t**4/8 + t**3/6 - 48*t**2. What is g(1)?
-26
Let b(k) be the third derivative of -k**5/20 - 5*k**4/24 + 2*k**3/3 + 9*k**2 + 2. Calculate b(-4).
-24
Let b(q) = -2*q**3 - 2*q**2 + 4*q - 1. Suppose 22*c - 19*c = -9. What is b(c)?
23
Suppose 54*c = 143*c + 267. Let a(x) = -1 - 1 - 2*x + 3 - x**2. Determine a(c).
-2
Let f(s) = -s**2 + 7 - s**3 + 2*s**2 + 7*s**2 + 13*s - s**2 + 6*s**2. What is f(14)?
-7
Let r(t) be the first derivative of -3*t**4 - t**2/2 - t + 184. Calculate r(-1).
12
Let a(u) = 7*u**2 + 11*u - 12. Let z(j) = 5*j**2 + 10*j - 12. Let c(y) = 3*a(y) - 4*z(y). What is c(6)?
6
Let l(c) = c**2 - 14*c - 4. Let b(v) = v**2 - 5*v - 1. Let y(u) = 2*b(u) - l(u). Give y(-3).
-1
Let h(w) = 2*w**3 - 2*w**2 - 2*w - 1. Let d be (-5 - 3) + 0 + 1/1. Let x(a) = a**2 + 6*a + 6. Let f be x(-6). Let q = d + f. What is h(q)?
-3
Let r(j) = j**2 - 18*j + 21. Let k = -2351 + 2367. Calculate r(k).
-11
Let c(p) be the second derivative of -p**6/720 + p**5/120 - p**4/12 + p. Let q(w) be the third derivative of c(w). Suppose -6*x + 0 + 6 = 0. Calculate q(x).
0
Let v be 1/(-4) - (135/(-12) + 7). Let p be 6 + 2*v/16*2. Let j(d) = d**3 - 7*d**2 - 1. Give j(p).
-1
Let n(a) = -a**2 + 11*a + 2. Suppose -8*g + 4*g + 30 = 5*c, 2*g - 2*c = 24. Calculate n(g).
12
Let i(u) = 9035*u**2 - 3 - 9029*u**2 + u**3 + 4*u + 9. Determine i(-4).
22
Let u be (-135)/9 - (2 + 1). Let q = 14 + u. Let z(v) = 2*v**2 + 6*v + 2. Calculate z(q).
10
Let q = -3165 + 3163. Let z(t) be the first derivative of t**3/3 + t + 1. Determine z(q).
5
Let k(j) be the third derivative of j**5/10 - j**4/12 + j**3/6 + 14*j**2. Let l be (3 - 7/2)*-2. Calculate k(l).
5
Let i(o) be the third derivative of -3*o**4/8 + o**3/6 - o**2. Suppose -3*y = -15 - 0. Suppose -y*b + 2*r = 13, -2*b + 0*r - 2*r + 6 = 0. Give i(b).
10
Let h(i) = -i - 6. Let x = 225 + -228. Calculate h(x).
-3
Let l(o) = 4*o**2 - 3*o. Suppose j = -3*b - 25 + 35, 0 = 2*b + 3*j - 9. Determine l(b).
27
Let p(l) = -53*l + 13. Let n(o) = -58*o + 10. Let c(r) = 4*n(r) - 3*p(r). Determine c(1).
-72
Suppose -k = -3*o - 21, 2*o + o + k = -15. Let b(p) be the second derivative of -7/6*p**3 + 3/2*p**2 - 1/12*p**4 + 15*p + 0. Calculate b(o).
9
Let z be 24/(-9)*(-6)/4. Let x(y) = 4*y - 6. Let q(l) = 8*l - 12. Let i(d) = -2*q(d) + 5*x(d). Give i(z).
10
Let l(i) = -5*i**3 + 3*i**2 + 5*i - 4. Let c(n) = 2*n**3 + n**2 + 2*n - 1. Let m(k) = -3*c(k) + l(k). Determine m(-1).
11
Let d = -8/243 - -413/243. Let k(v) be the first derivative of -6*v - v**2 + d*v**3 + 1/4*v**4 - 1. Calculate k(-5).
4
Suppose 5*c - 1 = 4. Let n be c/((2 + 0)/4). Let z(t) be the third derivative of 5*t**4/24 - t**3/2 - 18*t**2. Give z(n).
7
Let z(t) = 5 - 6*t + 2 - 3 - 3 + 0*t. What is z(-3)?
19
Let j(b) = -b**3 - 3*b**2 + 1. Let l = 690 - 693. What is j(l)?
1
Suppose -15*u - 30 = -9*u. Let r(d) = d**2 - 2 + 2*d + 4*d - 2*d. Give r(u).
3
Let x(y) be the third derivative of -y**7/5040 + 17*y**6/720 - 7*y**5/10 - 5*y**2. Let i(z) be the third derivative of x(z). Calculate i(11).
6
Suppose -u - 2*b - 3 = -10, 0 = -4*u + 2*b + 8. Let o(w) = 4 - w + w**3 - u - 7. Let l = 23 + -23. What is o(l)?
-6
Suppose -9 = -2*t + 5*m, 0 = -3*t - 3*m + 4*m + 7. Let w(c) = -17*c + t*